*o - 775 - 188 = 0. What is the tens digit of v?
2
Let q = -35 + 38. Let a be (q - 7) + 115 - -3. Suppose -v + a = 4*s, -3*v - 6*s = -s - 335. What is the units digit of v?
0
Let c = 9 - 9. Let q(r) = 2*r**2 - r + 4. Let n be q(c). What is the tens digit of n/(-22) + 4320/44 + -4?
9
Suppose -3*m + 99 = -p - 4*m, 297 = -3*p + 4*m. Let k be (42/(-8))/((p/(-24))/(-11)). Let a = k + 84. What is the tens digit of a?
9
Let v(k) = 43*k + 8 + 7*k**2 + 47*k - 51*k. What is the hundreds digit of v(-10)?
3
Let o(g) = -g**3 - 7*g**2 + g + 10. Let p be o(-7). Suppose 4*h + 201 = d, p*d - h = -2*h + 616. Let b = d - 119. What is the tens digit of b?
8
Let g(u) = 3 - 531*u + 4 + 92*u - 4. Let o be g(-1). Suppose -j + 90 = -2*l, -5*j + 0*j + 2*l + o = 0. What is the units digit of j?
8
Suppose 3404748 = 160*t - 5483092. What is the ten thousands digit of t?
5
Let b = -33105 + 67419. What is the thousands digit of b?
4
What is the units digit of 16558 - 180/(21 - 9)?
3
Let z be (-1*24)/(-6)*6/(-4). Let y be -2 + -168 - (4 - z/(-6)). Let o = -57 - y. What is the tens digit of o?
1
Let g = 57 + -38. What is the tens digit of ((-6 - -5) + 2)*g*13?
4
Let x = 384 - 189. Suppose 2*o - 134 = 3*g + x, 4*o = 5*g + 657. What is the tens digit of o?
6
Let f(p) be the first derivative of -91*p**5/20 - p**4/12 - p**3/3 - p**2 - 9*p - 30. Let t(y) be the first derivative of f(y). What is the tens digit of t(-1)?
9
Let u be 596*(-2)/(-24)*3. Let k = 246 - u. What is the tens digit of k?
9
Let b(u) = u**3 + 7*u**2 - 10*u - 13. Let k be b(-8). Suppose -2*l = k*x - 1191, -35*l - 1191 = -3*x - 32*l. What is the tens digit of x?
9
Let z(u) = u**2 - 20*u - 13. Let y be z(17). Let p = 55 + y. Let h(q) = -q**3 - 8*q**2 + q - 6. What is the units digit of h(p)?
6
Let m(r) = -49*r - 99 + 12*r + 353 + 11*r. What is the hundreds digit of m(-30)?
0
What is the units digit of -6145*(8073/65)/(-27)?
7
Let i(d) = -d + 28. Let s(z) = -29. Let y(m) = 4*i(m) + 5*s(m). Let w be y(-11). Suppose -148 = 9*n - w*n. What is the tens digit of n?
7
Let c(o) = -362*o**3 - 7*o**2 - 74*o - 340. What is the units digit of c(-5)?
5
Let p = 23 + -22. Let d(w) = -w**2 - w - 1. Let h(n) = 3*n**2 + 4*n + 3. Let c(r) = p*h(r) + 2*d(r). What is the units digit of c(-4)?
9
Suppose 0 = -g, -6 = -b + 2*g + 7. What is the thousands digit of -834*b/((-104)/12)?
1
Let a = -100 + 492. Let u(z) = 2*z**3 + 30*z**2 + 32*z + 66. Let n be u(-14). Suppose -438 = -n*q + a. What is the units digit of q?
3
Let i(m) = -2*m**2 + 4*m. Let x be i(2). Let c(g) = -g**3 + 2*g**2 + g + 3172. Let f be c(x). What is the units digit of 6*((-2)/7 + f/273)?
8
Suppose -2*y + 3*y + 3*k = -4, k - 7 = -2*y. Suppose -4*o - 4*g + 376 = 0, -7*o - y*g = -3*o - 381. Let i = o + 65. What is the units digit of i?
4
Suppose -6*c + 122 = 110. Suppose -4*b - 4*f = -1004, 3*f - c*f = 4*b - 1014. What is the units digit of b?
3
Let p(g) = 334*g**2 - 141*g - 1323. What is the ten thousands digit of p(-10)?
3
Suppose v = 2*q - 155439, -1206*q + 1204*q - 5*v = -155493. What is the hundreds digit of q?
7
Suppose -7*c - 4*n + 1477 = -4*c, -2*c = -3*n - 979. Suppose -a = -c + 124. What is the hundreds digit of a?
3
Let v(l) = l**3 - 4*l**2 + l + 2. Let x be v(1). Suppose -3*k + 5*q + 398 = x, -3*k - q = -4*q - 390. What is the units digit of k?
6
Let x = -387 - -1944. What is the tens digit of x?
5
Let z(h) = -h**3 - 6*h**2 + 5*h - 14. Let n be z(-7). Let f(i) = 0 - 8*i + 11 + 0 + i**2 + n. What is the units digit of f(18)?
1
Let t(j) = 4*j**3 - 2*j + 2. Suppose 10*d = -4*d + 14. Let y be t(d). Suppose 2*r + 932 = 6*r + 4*m, -r = y*m - 230. What is the units digit of r?
4
Let u(h) = 669*h + 856. What is the units digit of u(12)?
4
Suppose -12 = -w - 4*c, -2*w + 2*c + 3 = 3*c. Let t(n) = -n**3 - 2*n + 604. Let b be t(w). Suppose -3*l + b = -62. What is the hundreds digit of l?
2
Let g be 22/99 + (4500366/27)/(-1). What is the units digit of 6/7 + g/(-168)?
3
Let b be 2*(4 - 1)/3. Suppose b*y = 6*y + 4, -3*p - 3*y = -12. Suppose 3*a - 460 = -p*m + 54, 0 = 3*m - a - 300. What is the hundreds digit of m?
1
Let b be 43/2*(3 + 1) - 0. Suppose 0 = b*f - 82*f - 12. Suppose 0 = -q - 2*l + 45, l - 112 = -f*q + 48. What is the tens digit of q?
5
What is the tens digit of 2*(-6)/(-12)*-1 + -5 + 5190?
8
Let m(o) = -446*o - 1837. What is the tens digit of m(-147)?
2
Let v(h) = 2*h**2 - 6827 + 3414 - 6*h + 3*h + 3414. Let k = -6 + 11. What is the tens digit of v(k)?
3
Let v = -380 - -633. Suppose -3*t - 5*z - 551 - v = 0, 4*t + 1043 = 3*z. What is the hundreds digit of t/1*1*-1 + 0?
2
Suppose 5*l = -0*l + 220. Suppose 4*x + 3*n - 8 = 2*n, -x + 2 = 5*n. Suppose x*s - 58 = -2*q + l, 4*q = 5*s - 273. What is the units digit of s?
3
Suppose 1 = 2*t + 3, 0 = 2*c + 3*t - 1545. What is the hundreds digit of (18/(-27))/((-3)/c)?
1
Suppose 2*x = -0*x + 4*f + 2, f - 4 = -4*x. Let z be x + 3 + -1 - -6. Let t(v) = 8*v - 6. What is the units digit of t(z)?
6
Let l(y) = 3030*y**2 - 12*y - 1. What is the hundreds digit of l(-3)?
3
Let k(v) = -86*v**3 + 656*v + 4671. What is the units digit of k(-7)?
7
Suppose -8*b + 8 = 56. Let h(i) = 33*i**2 + 9*i - 14. What is the tens digit of h(b)?
2
Let k(b) = -11*b - b + 24*b + 21*b + 0*b + 66. What is the hundreds digit of k(4)?
1
Let a = -5580 - -5820. What is the tens digit of a?
4
Let a = 76 - 75. What is the units digit of a/(-4)*(-3 - (142 + 3))?
7
Let m(c) = c**2 + 6*c + 13. Suppose 5*g - 13 = d, 4*d - 20 = 2*g - 0. Let b(o) = 7*o - 42. Let z be b(d). What is the tens digit of m(z)?
0
Let k be -6*(2 - 3) - (24 - 22). Suppose 3*z + r - 960 = k*r, -1936 = -6*z + 2*r. What is the tens digit of z?
2
Suppose 2*x = 6, -x + 7 = -j + 3*x. Suppose j*p - 168 = -4*a + 1157, -2*p = -3*a - 553. What is the tens digit of p?
6
Let w(a) = 3*a - 109. Let c be w(38). What is the thousands digit of (c + (-13)/3)*(1 - -1913)?
1
What is the hundreds digit of (2463/(-9) - -9)/(10/(-795))?
0
Let o(s) = s**2 + 3*s - 18. Let b be o(-6). Suppose 5*i - 776 - 1059 = b. Let k = i + -208. What is the units digit of k?
9
Let z be -1 + 14/12 - (-4718)/(-84). What is the units digit of z/(42/(-6)) - (-2 - 3)?
3
Let i = 211187 - 149375. What is the ten thousands digit of i?
6
Let h be (-11)/(-2) - (-6)/(-4). Let u = h - -1. Suppose -v = -0*a - u*a - 47, 0 = 5*a + 25. What is the tens digit of v?
2
Suppose 4*i + 92510 = 4*z - 6966, 124303 = 5*z + i. What is the hundreds digit of z?
8
Suppose 5*z + 5*x - 670 = 0, 0 = 3*z - 3*x + x - 422. Let s be z/(-5*2/(-10)). Suppose 19*b = 22*b - s. What is the tens digit of b?
4
Let z = 43338 - 24890. What is the thousands digit of z?
8
Let n(x) = -587*x + 2950. What is the thousands digit of n(-53)?
4
Let g(w) = 21*w - 159. Let y be g(8). What is the thousands digit of 4689/27*y - -1?
1
What is the units digit of 882 + ((-1)/(8/20))/((-15)/12)?
4
Let h(k) = -18*k**2 + 17*k + 83. Let w(r) = -10*r**2 + 9*r + 41. Let s(z) = 2*h(z) - 5*w(z). What is the tens digit of s(-6)?
3
Let v = 61 - 82. Let a be 350/v*(-24)/5. Suppose -4 = 4*p - a. What is the tens digit of p?
1
Let c = 222 + -204. What is the units digit of (-75)/(5/42 - 6/c)?
0
Suppose 21*q = 22*q - 5. Suppose -216 = q*o - 1186. Suppose 325 + o = 3*a. What is the hundreds digit of a?
1
Suppose 3*f + a = 23144, 17*a - 13*a - 20 = 0. What is the thousands digit of f?
7
Suppose 399 = -4*o + 1515. Let l be (3 - 4)/(1/(-2)). Suppose 3*b + l*d = -0*b + 390, 5*d = 2*b - o. What is the units digit of b?
2
Suppose -2*t + 17 = 7. Let q be (-4*(-9)/24)/(3/10). What is the tens digit of (-2)/4*(q + (t - 504))?
4
Let m(s) = -9123*s + 1591. What is the thousands digit of m(-6)?
6
Suppose -z = 2*c + 4496 - 18991, -21744 = -3*c - z. What is the thousands digit of c?
7
Suppose 0 = 3*y + 3, -11*y = -q - 5*y + 3323. What is the units digit of q?
7
Let y be (-9)/36 - ((-292)/16 - -3). Suppose y = -16*l + 335. What is the units digit of l?
0
Suppose s + 5*m - 32 = 33, 3*s = -m + 153. Let f = 77 - s. Let j = 60 - f. What is the tens digit of j?
3
Let b(g) = -8*g + 45. Let o be b(-28). Let l = o + 336. What is the hundreds digit of l?
6
Let z = -5061 - -7117. What is the tens digit of z?
5
What is the units digit of -1*(2 + -2 + 8) - (4 + -7407)?
5
Let t = 87 + -103. Let m(z) = z**2 + 14*z - 32. Let r be 